{"id":1360,"date":"2021-05-21T16:05:01","date_gmt":"2021-05-21T19:05:01","guid":{"rendered":"https:\/\/cdpha.pro.br\/?page_id=1360"},"modified":"2021-06-29T15:14:12","modified_gmt":"2021-06-29T18:14:12","slug":"museu-da-crianca","status":"publish","type":"page","link":"https:\/\/cdpha.pro.br\/en\/home\/museu-da-crianca\/","title":{"rendered":"Museu da Crian\u00e7a"},"content":{"rendered":"\n<div class=\"wp-block-image\"><figure class=\"aligncenter size-large is-resized\"><img loading=\"lazy\" src=\"https:\/\/cdpha.pro.br\/wp-content\/uploads\/2021\/06\/museu-da-crianca-helena2-1024x575.jpg\" alt=\"\" class=\"wp-image-1406\" width=\"943\" height=\"530\" srcset=\"https:\/\/cdpha.pro.br\/wp-content\/uploads\/2021\/06\/museu-da-crianca-helena2-1024x575.jpg 1024w, https:\/\/cdpha.pro.br\/wp-content\/uploads\/2021\/06\/museu-da-crianca-helena2-300x169.jpg 300w, https:\/\/cdpha.pro.br\/wp-content\/uploads\/2021\/06\/museu-da-crianca-helena2-768x431.jpg 768w, https:\/\/cdpha.pro.br\/wp-content\/uploads\/2021\/06\/museu-da-crianca-helena2.jpg 1077w\" sizes=\"(max-width: 943px) 100vw, 943px\" \/><figcaption>Museu da Crian\u00e7a, equipe de professoras pesquisadoras coordenadas por Helena Antipoff, Escola de Aperfei\u00e7oamento de Belo Horizonte, MG, 1930. <br>Fonte: Arquivo do Centro de Documenta\u00e7\u00e3o e Pesquisa Helena Antipoff.<\/figcaption><\/figure><\/div>\n\n\n\n<p class=\"has-text-align-left\">Nesta se\u00e7\u00e3o, reinauguramos o <strong>Museu da Crian\u00e7a, <\/strong>criado em outubro de 1929, na Escola de Aperfei\u00e7oamento de Professores de Belo Horizonte, por iniciativa de Helena Antipoff e suas alunas, professoras em forma\u00e7\u00e3o, \u00e0s quais ela chamava \u201cabelhas\u201d, em analogia ao trabalho coletivo e produtivo das colmeias. Naquela institui\u00e7\u00e3o, Antipoff atuava como professora de Psicologia da Crian\u00e7a, Psicologia Educacional e coordenadora do Laborat\u00f3rio de Psicologia Experimental, um dos primeiros instalados em institui\u00e7\u00f5es de forma\u00e7\u00e3o e especializa\u00e7\u00e3o do magist\u00e9rio prim\u00e1rio no Brasil.<\/p>\n\n\n\n<p class=\"has-text-align-left\">O Laborat\u00f3rio e o <strong>Museu da Crian\u00e7a<\/strong> tornaram-se, \u00e0 \u00e9poca, centro de documenta\u00e7\u00e3o e de divulga\u00e7\u00e3o de resultados de pesquisas sobre a inf\u00e2ncia, orientadas a conhecer a crian\u00e7a mineira a fim de melhor propor alternativas pedag\u00f3gicas para os problemas escolares que se ampliavam com as reformas educacionais em curso em todo o Brasil durante a d\u00e9cada de 1920.<\/p>\n\n\n\n<p class=\"has-text-align-left\">Nosso objetivo \u00e9 retomar o <strong>Museu da Crian\u00e7a <\/strong>como se\u00e7\u00e3o anexa ao<strong> Museu Helena Antipoff<\/strong>, em Ibirit\u00e9, Minas Gerais, com exposi\u00e7\u00f5es e sess\u00f5es interativas que possam estimular educadores, estudiosos e visitantes, projeto j\u00e1 em andamento. Neste reposit\u00f3rio virtual, por meio das subse\u00e7\u00f5es do <strong>Museu da Crian\u00e7a<\/strong>, o visitante poder\u00e1 ter acesso a acervo organizado com os resultados das pesquisas sobre os ideais e interesses das crian\u00e7as mineiras desenvolvidas na tradi\u00e7\u00e3o antipoffiana, publicadas em peri\u00f3dicos cient\u00edficos brasileiros e estrangeiros da \u00e9poca, e ainda \u00e0 produ\u00e7\u00e3o cient\u00edfica atualizada desenvolvida por pesquisadores vinculados a diversas institui\u00e7\u00f5es universit\u00e1rias e educacionais, no Brasil e no exterior, sobre o desenvolvimento psicol\u00f3gico, psicossocial, social, econ\u00f4mico e cultural do universo infantil. Este espa\u00e7o visa, portanto, constituir-se como um centro de documenta\u00e7\u00e3o com base nos estudos pioneiros de Helena Antipoff e na produ\u00e7\u00e3o cientifica atual sobre a crian\u00e7a brasileira, agregando inclusive dados comparativos obtidos em estudos sobre a crian\u00e7a feitos em outros pa\u00edses. Cremos que o <strong>Museu da Crian\u00e7a<\/strong> poder\u00e1 contribuir para se avan\u00e7ar na compreens\u00e3o da inf\u00e2ncia como fase da vida humana em diferentes contextos hist\u00f3ricos e socioculturais, com base na pesquisa cient\u00edfica, para propor alternativas educacionais dirigidas a esse p\u00fablico nas diversas \u00e1reas do conhecimento. Esperamos com isso honrar a mem\u00f3ria de Helena Antipoff, pesquisadora criativa e inovadora que&nbsp; buscava escutar a crian\u00e7a e dar-lhe voz e protagonismo nos processos educativos.<\/p>\n","protected":false},"excerpt":{"rendered":"<p>Nesta se\u00e7\u00e3o, reinauguramos o Museu da Crian\u00e7a, criado em outubro de 1929, na Escola de Aperfei\u00e7oamento de Professores de Belo Horizonte, por iniciativa de Helena Antipoff e suas alunas, professoras em forma\u00e7\u00e3o, \u00e0s quais ela chamava \u201cabelhas\u201d, em analogia ao trabalho coletivo e produtivo das colmeias. Naquela institui\u00e7\u00e3o, Antipoff atuava como professora de Psicologia da&hellip;&nbsp;<a href=\"https:\/\/cdpha.pro.br\/en\/home\/museu-da-crianca\/\" class=\"\" rel=\"bookmark\">Read More &raquo;<span class=\"screen-reader-text\">Museu da Crian\u00e7a<\/span><\/a><\/p>\n","protected":false},"author":12,"featured_media":0,"parent":681,"menu_order":0,"comment_status":"closed","ping_status":"closed","template":"","meta":{"neve_meta_sidebar":"full-width","neve_meta_container":"","neve_meta_enable_content_width":"on","neve_meta_content_width":100,"neve_meta_title_alignment":"","neve_meta_author_avatar":"","neve_post_elements_order":"","neve_meta_disable_header":"","neve_meta_disable_footer":"","neve_meta_disable_title":""},"_links":{"self":[{"href":"https:\/\/cdpha.pro.br\/en\/wp-json\/wp\/v2\/pages\/1360"}],"collection":[{"href":"https:\/\/cdpha.pro.br\/en\/wp-json\/wp\/v2\/pages"}],"about":[{"href":"https:\/\/cdpha.pro.br\/en\/wp-json\/wp\/v2\/types\/page"}],"author":[{"embeddable":true,"href":"https:\/\/cdpha.pro.br\/en\/wp-json\/wp\/v2\/users\/12"}],"replies":[{"embeddable":true,"href":"https:\/\/cdpha.pro.br\/en\/wp-json\/wp\/v2\/comments?post=1360"}],"version-history":[{"count":15,"href":"https:\/\/cdpha.pro.br\/en\/wp-json\/wp\/v2\/pages\/1360\/revisions"}],"predecessor-version":[{"id":1428,"href":"https:\/\/cdpha.pro.br\/en\/wp-json\/wp\/v2\/pages\/1360\/revisions\/1428"}],"up":[{"embeddable":true,"href":"https:\/\/cdpha.pro.br\/en\/wp-json\/wp\/v2\/pages\/681"}],"wp:attachment":[{"href":"https:\/\/cdpha.pro.br\/en\/wp-json\/wp\/v2\/media?parent=1360"}],"curies":[{"name":"wp","href":"https:\/\/api.w.org\/{rel}","templated":true}]}}

Museu da Criança

<div class="wp-block-image"><figure class="aligncenter size-large is-resized"><img loading="lazy" src="https://cdpha.pro.br/wp-content/uploads/2021/06/museu-da-crianca-helena2-1024x575.jpg" alt="" class="wp-image-1406" width="943" height="530" srcset="https://cdpha.pro.br/wp-content/uploads/2021/06/museu-da-crianca-helena2-1024x575.jpg 1024w, https://cdpha.pro.br/wp-content/uploads/2021/06/museu-da-crianca-helena2-300x169.jpg 300w, https://cdpha.pro.br/wp-content/uploads/2021/06/museu-da-crianca-helena2-768x431.jpg 768w, https://cdpha.pro.br/wp-content/uploads/2021/06/museu-da-crianca-helena2.jpg 1077w" sizes="(max-width: 943px) 100vw, 943px" /><figcaption>Museu da Criança, equipe de professoras pesquisadoras coordenadas por Helena Antipoff, Escola de Aperfeiçoamento de Belo Horizonte, MG, 1930. <br>Fonte: Arquivo do Centro de Documentação e Pesquisa Helena Antipoff.</figcaption></figure></div>



<p class="has-text-align-left">Nesta seção, reinauguramos o <strong>Museu da Criança, </strong>criado em outubro de 1929, na Escola de Aperfeiçoamento de Professores de Belo Horizonte, por iniciativa de Helena Antipoff e suas alunas, professoras em formação, às quais ela chamava “abelhas”, em analogia ao trabalho coletivo e produtivo das colmeias. Naquela instituição, Antipoff atuava como professora de Psicologia da Criança, Psicologia Educacional e coordenadora do Laboratório de Psicologia Experimental, um dos primeiros instalados em instituições de formação e especialização do magistério primário no Brasil.</p>



<p class="has-text-align-left">O Laboratório e o <strong>Museu da Criança</strong> tornaram-se, à época, centro de documentação e de divulgação de resultados de pesquisas sobre a infância, orientadas a conhecer a criança mineira a fim de melhor propor alternativas pedagógicas para os problemas escolares que se ampliavam com as reformas educacionais em curso em todo o Brasil durante a década de 1920.</p>



<p class="has-text-align-left">Nosso objetivo é retomar o <strong>Museu da Criança </strong>como seção anexa ao<strong> Museu Helena Antipoff</strong>, em Ibirité, Minas Gerais, com exposições e sessões interativas que possam estimular educadores, estudiosos e visitantes, projeto já em andamento. Neste repositório virtual, por meio das subseções do <strong>Museu da Criança</strong>, o visitante poderá ter acesso a acervo organizado com os resultados das pesquisas sobre os ideais e interesses das crianças mineiras desenvolvidas na tradição antipoffiana, publicadas em periódicos científicos brasileiros e estrangeiros da época, e ainda à produção científica atualizada desenvolvida por pesquisadores vinculados a diversas instituições universitárias e educacionais, no Brasil e no exterior, sobre o desenvolvimento psicológico, psicossocial, social, econômico e cultural do universo infantil. Este espaço visa, portanto, constituir-se como um centro de documentação com base nos estudos pioneiros de Helena Antipoff e na produção cientifica atual sobre a criança brasileira, agregando inclusive dados comparativos obtidos em estudos sobre a criança feitos em outros países. Cremos que o <strong>Museu da Criança</strong> poderá contribuir para se avançar na compreensão da infância como fase da vida humana em diferentes contextos históricos e socioculturais, com base na pesquisa científica, para propor alternativas educacionais dirigidas a esse público nas diversas áreas do conhecimento. Esperamos com isso honrar a memória de Helena Antipoff, pesquisadora criativa e inovadora que&nbsp; buscava escutar a criança e dar-lhe voz e protagonismo nos processos educativos.</p>

<p>Nesta seção, reinauguramos o Museu da Criança, criado em outubro de 1929, na Escola de Aperfeiçoamento de Professores de Belo Horizonte, por iniciativa de Helena Antipoff e suas alunas, professoras em formação, às quais ela chamava “abelhas”, em analogia ao trabalho coletivo e produtivo das colmeias. Naquela instituição, Antipoff atuava como professora de Psicologia da&hellip;&nbsp;<a href="https://cdpha.pro.br/en/home/museu-da-crianca/" class="" rel="bookmark">Read More &raquo;<span class="screen-reader-text">Museu da Criança</span></a></p>
