{"id":1612,"date":"2022-09-05T15:12:23","date_gmt":"2022-09-05T18:12:23","guid":{"rendered":"https:\/\/cdpha.pro.br\/?page_id=1612"},"modified":"2022-09-05T15:31:26","modified_gmt":"2022-09-05T18:31:26","slug":"38o-encontro-anual-helena-antipoff","status":"publish","type":"page","link":"https:\/\/cdpha.pro.br\/en\/38o-encontro-anual-helena-antipoff\/","title":{"rendered":"38\u00ba Encontro Anual Helena Antipoff"},"content":{"rendered":"\n<figure class=\"wp-block-image size-large\"><img loading=\"lazy\" width=\"1024\" height=\"231\" src=\"https:\/\/cdpha.pro.br\/wp-content\/uploads\/2022\/09\/Clipboard01-1024x231.jpg\" alt=\"\" class=\"wp-image-1617\" srcset=\"https:\/\/cdpha.pro.br\/wp-content\/uploads\/2022\/09\/Clipboard01-1024x231.jpg 1024w, https:\/\/cdpha.pro.br\/wp-content\/uploads\/2022\/09\/Clipboard01-300x68.jpg 300w, https:\/\/cdpha.pro.br\/wp-content\/uploads\/2022\/09\/Clipboard01-768x173.jpg 768w, https:\/\/cdpha.pro.br\/wp-content\/uploads\/2022\/09\/Clipboard01.jpg 1386w\" sizes=\"(max-width: 1024px) 100vw, 1024px\" \/><\/figure>\n\n\n\n<p class=\"has-large-font-size\">Programa\u00e7\u00e3o<\/p>\n\n\n<p><a href=\"https:\/\/www.encontrohelenaantipoff.com.br\/conteudo\/view?ID_CONTEUDO=139\"><strong>Programa\u00e7\u00e3o de atividades s\u00edncronas<\/strong><\/a><\/p>\n<p><a href=\"https:\/\/www.encontrohelenaantipoff.com.br\/conteudo\/view?ID_CONTEUDO=148\"><strong>Mesas Redondas\u00a0(ass\u00edncronas)<\/strong><\/a><\/p>\n<p><a href=\"https:\/\/www.encontrohelenaantipoff.com.br\/conteudo\/view?ID_CONTEUDO=175\"><strong>Sess\u00f5es Coordenadas\u00a0(ass\u00edncronas)<\/strong><\/a><\/p>\n<p><strong><a href=\"https:\/\/www.encontrohelenaantipoff.com.br\/conteudo\/view?ID_CONTEUDO=213\">Exposi\u00e7\u00f5es e V\u00eddeos<\/a>\u00a0<\/strong><\/p>\n<p><a href=\"https:\/\/www.encontrohelenaantipoff.com.br\/conteudo\/view?ID_CONTEUDO=214\"><strong>Roda de Conversa<\/strong><\/a><\/p>\n<p>\u00a0<\/p>","protected":false},"excerpt":{"rendered":"<p>Programa\u00e7\u00e3o Programa\u00e7\u00e3o de atividades s\u00edncronas Mesas Redondas\u00a0(ass\u00edncronas) Sess\u00f5es Coordenadas\u00a0(ass\u00edncronas) Exposi\u00e7\u00f5es e V\u00eddeos\u00a0 Roda de Conversa \u00a0<\/p>\n","protected":false},"author":12,"featured_media":0,"parent":0,"menu_order":0,"comment_status":"closed","ping_status":"closed","template":"","meta":{"neve_meta_sidebar":"full-width","neve_meta_container":"","neve_meta_enable_content_width":"on","neve_meta_content_width":100,"neve_meta_title_alignment":"","neve_meta_author_avatar":"","neve_post_elements_order":"","neve_meta_disable_header":"","neve_meta_disable_footer":"","neve_meta_disable_title":""},"_links":{"self":[{"href":"https:\/\/cdpha.pro.br\/en\/wp-json\/wp\/v2\/pages\/1612"}],"collection":[{"href":"https:\/\/cdpha.pro.br\/en\/wp-json\/wp\/v2\/pages"}],"about":[{"href":"https:\/\/cdpha.pro.br\/en\/wp-json\/wp\/v2\/types\/page"}],"author":[{"embeddable":true,"href":"https:\/\/cdpha.pro.br\/en\/wp-json\/wp\/v2\/users\/12"}],"replies":[{"embeddable":true,"href":"https:\/\/cdpha.pro.br\/en\/wp-json\/wp\/v2\/comments?post=1612"}],"version-history":[{"count":4,"href":"https:\/\/cdpha.pro.br\/en\/wp-json\/wp\/v2\/pages\/1612\/revisions"}],"predecessor-version":[{"id":1621,"href":"https:\/\/cdpha.pro.br\/en\/wp-json\/wp\/v2\/pages\/1612\/revisions\/1621"}],"wp:attachment":[{"href":"https:\/\/cdpha.pro.br\/en\/wp-json\/wp\/v2\/media?parent=1612"}],"curies":[{"name":"wp","href":"https:\/\/api.w.org\/{rel}","templated":true}]}}

38º Encontro Anual Helena Antipoff

<figure class="wp-block-image size-large"><img loading="lazy" width="1024" height="231" src="https://cdpha.pro.br/wp-content/uploads/2022/09/Clipboard01-1024x231.jpg" alt="" class="wp-image-1617" srcset="https://cdpha.pro.br/wp-content/uploads/2022/09/Clipboard01-1024x231.jpg 1024w, https://cdpha.pro.br/wp-content/uploads/2022/09/Clipboard01-300x68.jpg 300w, https://cdpha.pro.br/wp-content/uploads/2022/09/Clipboard01-768x173.jpg 768w, https://cdpha.pro.br/wp-content/uploads/2022/09/Clipboard01.jpg 1386w" sizes="(max-width: 1024px) 100vw, 1024px" /></figure>



<p class="has-large-font-size">Programação</p>


<p><a href="https://www.encontrohelenaantipoff.com.br/conteudo/view?ID_CONTEUDO=139"><strong>Programação de atividades síncronas</strong></a></p>
<p><a href="https://www.encontrohelenaantipoff.com.br/conteudo/view?ID_CONTEUDO=148"><strong>Mesas Redondas (assíncronas)</strong></a></p>
<p><a href="https://www.encontrohelenaantipoff.com.br/conteudo/view?ID_CONTEUDO=175"><strong>Sessões Coordenadas (assíncronas)</strong></a></p>
<p><strong><a href="https://www.encontrohelenaantipoff.com.br/conteudo/view?ID_CONTEUDO=213">Exposições e Vídeos</a> </strong></p>
<p><a href="https://www.encontrohelenaantipoff.com.br/conteudo/view?ID_CONTEUDO=214"><strong>Roda de Conversa</strong></a></p>
<p> </p>

<p>Programação Programação de atividades síncronas Mesas Redondas (assíncronas) Sessões Coordenadas (assíncronas) Exposições e Vídeos  Roda de Conversa  </p>
