{"id":738,"date":"2020-09-23T02:38:23","date_gmt":"2020-09-23T05:38:23","guid":{"rendered":"https:\/\/cdpha.pro.br\/?page_id=738"},"modified":"2020-09-23T03:06:22","modified_gmt":"2020-09-23T06:06:22","slug":"diretoria_2018-2020","status":"publish","type":"page","link":"https:\/\/cdpha.pro.br\/en\/diretoria_2018-2020\/","title":{"rendered":"Diretoria_2018-2020"},"content":{"rendered":"\n<div style=\"height:20px\" aria-hidden=\"true\" class=\"wp-block-spacer\"><\/div>\n\n\n\n<div class=\"wp-block-columns\">\n<div class=\"wp-block-column\">\n<p><strong>Diretoria 2018-2020<\/strong><\/p>\n\n\n\n<p><strong>Presidente<\/strong>: Regina Helena de Freitas Campos<br><strong>Vice-presidentes<\/strong>:<br>Maria do Carmo Lara Perp\u00e9tuo (presidente da Funda\u00e7\u00e3o Helena Antipoff, at\u00e9 28.03.2018),<br>Wanderson de Souza Cleres (presidente da Funda\u00e7\u00e3o Helena Antipoff de 29.03.2018 a 02.10.2019)<br>Vicente Tarley Ferreira Alves (presidente da Funda\u00e7\u00e3o Helena Antipoff a partir de 04.10.2019)<br>Maria do Carmo Coutinho de Moraes (Associa\u00e7\u00e3o Pestalozzi de Minas Gerais)<br>S\u00edlvia Maria Medeiros Magalh\u00e3es (diretora da ACORDA \u2013 Associa\u00e7\u00e3o Comunit\u00e1ria do Ros\u00e1rio)<br>Filomena de F\u00e1tima Silva (presidente da ADAV \u2013 Associa\u00e7\u00e3o Milton Campos para o Desenvolvimento e Assist\u00eancia a Voca\u00e7\u00f5es de Bem Dotados)<br><strong>Diretoria T\u00e9cnica<\/strong>:<br>Adriana Ara\u00fajo Pereira Borges<br>Adriana Otoni Silva Antunes Duarte<br>Christiane Souza Martins<br>Deolinda Armani Turci<br>Miriam Aparecida de Brito Nonato<br><strong>Diretoria Administrativa<\/strong>:<br>Carlyle dos Passos Laia<br>Maria das Gra\u00e7as Ferreira Coimbra<br>Raquel Martins de Assis<br>Pedro Henrique Oliveira Guimar\u00e3es<\/p>\n<\/div>\n\n\n\n<div class=\"wp-block-column\">\n<p><br><br><strong>Diretoria Financeira<\/strong>:<br>Carla Andrea Teixeira Dias Camargos<br>Delba Teixeira Rodrigues Barros<br>Fernanda Flaviana de Souza Martins<br>Luis Fl\u00e1vio Silva Couto<br>Riviane Borghesi Bravo<br><strong>Conselho Fiscal<\/strong>:<br> <strong>Titulares<\/strong><br>Cec\u00edlia Andrade Antipoff<br>Elizabeth Dias Munaier Lages<br>Maria de F\u00e1tima Pio Cassemiro<br> <strong>Suplentes<\/strong><br>Elizabeth Coutinho de Moraes<br>Rita de C\u00e1ssia Vieira<br>S\u00f4nia Vieira Coelho<br><strong>Conselho Consultivo<\/strong>:<br>Ana Maria Milagres Belo Francisco<br>Adriana Cl\u00e1udia Drumond<br>Camila Jardim de Meira<br>Bruna Cristina da Silva Hudson<br>Esther Augusta Nunes Barbosa<br><strong>Coordenadoras Regionais<\/strong>:<br>Marilene Oliveira Almeida (Universidade do Estado de Minas Gerais\/Funda\u00e7\u00e3o Helena Antipoff)<br>\u00c9rika Louren\u00e7o (Departamento de Psicologia, Universidade Federal de Minas Gerais)<\/p>\n<\/div>\n<\/div>\n","protected":false},"excerpt":{"rendered":"<p>Diretoria 2018-2020 Presidente: Regina Helena de Freitas CamposVice-presidentes:Maria do Carmo Lara Perp\u00e9tuo (presidente da Funda\u00e7\u00e3o Helena Antipoff, at\u00e9 28.03.2018),Wanderson de Souza Cleres (presidente da Funda\u00e7\u00e3o Helena Antipoff de 29.03.2018 a 02.10.2019)Vicente Tarley Ferreira Alves (presidente da Funda\u00e7\u00e3o Helena Antipoff a partir de 04.10.2019)Maria do Carmo Coutinho de Moraes (Associa\u00e7\u00e3o Pestalozzi de Minas Gerais)S\u00edlvia Maria Medeiros&hellip;&nbsp;<a href=\"https:\/\/cdpha.pro.br\/en\/diretoria_2018-2020\/\" class=\"\" rel=\"bookmark\">Read More &raquo;<span class=\"screen-reader-text\">Diretoria_2018-2020<\/span><\/a><\/p>\n","protected":false},"author":2,"featured_media":0,"parent":0,"menu_order":0,"comment_status":"closed","ping_status":"closed","template":"","meta":{"neve_meta_sidebar":"full-width","neve_meta_container":"","neve_meta_enable_content_width":"on","neve_meta_content_width":100,"neve_meta_title_alignment":"","neve_meta_author_avatar":"","neve_post_elements_order":"","neve_meta_disable_header":"off","neve_meta_disable_footer":"off","neve_meta_disable_title":"on"},"_links":{"self":[{"href":"https:\/\/cdpha.pro.br\/en\/wp-json\/wp\/v2\/pages\/738"}],"collection":[{"href":"https:\/\/cdpha.pro.br\/en\/wp-json\/wp\/v2\/pages"}],"about":[{"href":"https:\/\/cdpha.pro.br\/en\/wp-json\/wp\/v2\/types\/page"}],"author":[{"embeddable":true,"href":"https:\/\/cdpha.pro.br\/en\/wp-json\/wp\/v2\/users\/2"}],"replies":[{"embeddable":true,"href":"https:\/\/cdpha.pro.br\/en\/wp-json\/wp\/v2\/comments?post=738"}],"version-history":[{"count":0,"href":"https:\/\/cdpha.pro.br\/en\/wp-json\/wp\/v2\/pages\/738\/revisions"}],"wp:attachment":[{"href":"https:\/\/cdpha.pro.br\/en\/wp-json\/wp\/v2\/media?parent=738"}],"curies":[{"name":"wp","href":"https:\/\/api.w.org\/{rel}","templated":true}]}}

<div style="height:20px" aria-hidden="true" class="wp-block-spacer"></div>



<div class="wp-block-columns">
<div class="wp-block-column">
<p><strong>Diretoria 2018-2020</strong></p>



<p><strong>Presidente</strong>: Regina Helena de Freitas Campos<br><strong>Vice-presidentes</strong>:<br>Maria do Carmo Lara Perpétuo (presidente da Fundação Helena Antipoff, até 28.03.2018),<br>Wanderson de Souza Cleres (presidente da Fundação Helena Antipoff de 29.03.2018 a 02.10.2019)<br>Vicente Tarley Ferreira Alves (presidente da Fundação Helena Antipoff a partir de 04.10.2019)<br>Maria do Carmo Coutinho de Moraes (Associação Pestalozzi de Minas Gerais)<br>Sílvia Maria Medeiros Magalhães (diretora da ACORDA – Associação Comunitária do Rosário)<br>Filomena de Fátima Silva (presidente da ADAV – Associação Milton Campos para o Desenvolvimento e Assistência a Vocações de Bem Dotados)<br><strong>Diretoria Técnica</strong>:<br>Adriana Araújo Pereira Borges<br>Adriana Otoni Silva Antunes Duarte<br>Christiane Souza Martins<br>Deolinda Armani Turci<br>Miriam Aparecida de Brito Nonato<br><strong>Diretoria Administrativa</strong>:<br>Carlyle dos Passos Laia<br>Maria das Graças Ferreira Coimbra<br>Raquel Martins de Assis<br>Pedro Henrique Oliveira Guimarães</p>
</div>



<div class="wp-block-column">
<p><br><br><strong>Diretoria Financeira</strong>:<br>Carla Andrea Teixeira Dias Camargos<br>Delba Teixeira Rodrigues Barros<br>Fernanda Flaviana de Souza Martins<br>Luis Flávio Silva Couto<br>Riviane Borghesi Bravo<br><strong>Conselho Fiscal</strong>:<br> <strong>Titulares</strong><br>Cecília Andrade Antipoff<br>Elizabeth Dias Munaier Lages<br>Maria de Fátima Pio Cassemiro<br> <strong>Suplentes</strong><br>Elizabeth Coutinho de Moraes<br>Rita de Cássia Vieira<br>Sônia Vieira Coelho<br><strong>Conselho Consultivo</strong>:<br>Ana Maria Milagres Belo Francisco<br>Adriana Cláudia Drumond<br>Camila Jardim de Meira<br>Bruna Cristina da Silva Hudson<br>Esther Augusta Nunes Barbosa<br><strong>Coordenadoras Regionais</strong>:<br>Marilene Oliveira Almeida (Universidade do Estado de Minas Gerais/Fundação Helena Antipoff)<br>Érika Lourenço (Departamento de Psicologia, Universidade Federal de Minas Gerais)</p>
</div>
</div>

<p>Diretoria 2018-2020 Presidente: Regina Helena de Freitas CamposVice-presidentes:Maria do Carmo Lara Perpétuo (presidente da Fundação Helena Antipoff, até 28.03.2018),Wanderson de Souza Cleres (presidente da Fundação Helena Antipoff de 29.03.2018 a 02.10.2019)Vicente Tarley Ferreira Alves (presidente da Fundação Helena Antipoff a partir de 04.10.2019)Maria do Carmo Coutinho de Moraes (Associação Pestalozzi de Minas Gerais)Sílvia Maria Medeiros&hellip;&nbsp;<a href="https://cdpha.pro.br/en/diretoria_2018-2020/" class="" rel="bookmark">Read More &raquo;<span class="screen-reader-text">Diretoria_2018-2020</span></a></p>
