{"id":802,"date":"2020-09-23T02:44:58","date_gmt":"2020-09-23T05:44:58","guid":{"rendered":"https:\/\/cdpha.pro.br\/?page_id=802"},"modified":"2021-02-11T02:57:47","modified_gmt":"2021-02-11T05:57:47","slug":"diretoria_2015-2017","status":"publish","type":"page","link":"https:\/\/cdpha.pro.br\/en\/diretoria_2015-2017\/","title":{"rendered":"Diretoria_2015-2017"},"content":{"rendered":"\n<div style=\"height:20px\" aria-hidden=\"true\" class=\"wp-block-spacer\"><\/div>\n\n\n\n<div class=\"wp-block-columns\">\n<div class=\"wp-block-column\">\n<p><strong>Diretoria 2015-2017<\/strong><\/p>\n\n\n\n<p><strong>Presidente<\/strong>: Regina Helena de Freitas Campos<br><strong>Vice-presidentes:<\/strong><br>Maria do Carmo Lara Perp\u00e9tuo (Presidente da Funda\u00e7\u00e3o Helena Antipoff)<br>Maria do Carmo Coutinho de Moraes (Associa\u00e7\u00e3o Pestalozzi de Minas Gerais)<br>S\u00edlvia Maria Medeiros Magalh\u00e3es (ACORDA \u2013 Associa\u00e7\u00e3o Comunit\u00e1ria do Ros\u00e1rio)<br>Filomena de F\u00e1tima Silva (ADAV \u2013 Associa\u00e7\u00e3o Milton Campos para o Desenvolvimento e Assist\u00eancia a Voca\u00e7\u00f5es de Bem Dotados)<br><strong>Diretoria T\u00e9cnica<\/strong>:<br>Adriana Ara\u00fajo Pereira Borges<br>Adriana Otoni Silva Antunes Duarte<br>Carolline Souza Martins<br>Christiane Campos de Ara\u00fajo<br>Deolinda Armani Turci<br>Miriam Aparecida de Brito Nonato<br>Renata Pimenta Sadi<br><strong>Diretoria Administrativa<\/strong>:<br>Carlyle dos Passos Laia<br>K\u00e9therine Oliva Alencar<br>Larissa Assun\u00e7\u00e3o Rodrigues<br>Lilian Erichsen Nassif<br>Maria das Gra\u00e7as Ferreira Coimbra<br>Raquel Martins de Assis<br>Rosana Matias de Sousa<br><strong>Diretoria Financeira:<\/strong><br>Carla Andrea Teixeira Dias Camargos<br>Delba Teixeira Rodrigues Barros<br>Fernanda Flaviana de Souza Martins<br>Lu\u00eds Fl\u00e1vio Silva Couto<br>Riviane Borghesi Bravo<\/p>\n<\/div>\n\n\n\n<div class=\"wp-block-column\">\n<p><br><br><strong>Conselho Fiscal:<\/strong><br><strong>Titulares<\/strong><br>Cec\u00edlia Andrade Antipoff<br>Elizabeth Dias Munaier Lages<br>Maria de F\u00e1tima Pio Cassemiro<br><strong>Suplentes<\/strong><br>Elizabeth Coutinho de Moraes<br>Rita de C\u00e1ssia Vieira<br>S\u00f4nia Vieira Coelho<br><strong>Conselho Consultivo:<\/strong><br>Adriana Cl\u00e1udia Drumond<br>Ana Maria Milagres Belo Francisco<br>An\u00e1lia das Gra\u00e7as GandiniPontelo<br>Camila Jardim de Meira<br>Clarice Moukachar Batista Loureiro<br>Cleuza Gl\u00f3ria de F\u00e1tima Amorim de Oliveira<br>Lilian Sipoli Carneiro Ca\u00f1ete<br>Ricardo Jos\u00e9 Miranda<br>Rodrigo Lopes Miranda<br>Romilda Oliveira Alves<br>S\u00e9rgio Dias Cirino<br>S\u00e9rgio Domingues<br>S\u00e9rgio Farnese<br>Wellington Mar\u00e7al de Carvalho<br><strong>Coordenadores regionais:<\/strong><br>Marilene Oliveira Almeida (Funda\u00e7\u00e3o Helena Antipoff)<br>\u00c9rika Louren\u00e7o (UFMG)<br>Raquel Assis (UFMG)<br>Adriana Borges (UFMG)<br>Demetreos Navaes Neves (ADAV)<\/p>\n<\/div>\n<\/div>\n","protected":false},"excerpt":{"rendered":"<p>Diretoria 2015-2017 Presidente: Regina Helena de Freitas CamposVice-presidentes:Maria do Carmo Lara Perp\u00e9tuo (Presidente da Funda\u00e7\u00e3o Helena Antipoff)Maria do Carmo Coutinho de Moraes (Associa\u00e7\u00e3o Pestalozzi de Minas Gerais)S\u00edlvia Maria Medeiros Magalh\u00e3es (ACORDA \u2013 Associa\u00e7\u00e3o Comunit\u00e1ria do Ros\u00e1rio)Filomena de F\u00e1tima Silva (ADAV \u2013 Associa\u00e7\u00e3o Milton Campos para o Desenvolvimento e Assist\u00eancia a Voca\u00e7\u00f5es de Bem Dotados)Diretoria T\u00e9cnica:Adriana&hellip;&nbsp;<a href=\"https:\/\/cdpha.pro.br\/en\/diretoria_2015-2017\/\" class=\"\" rel=\"bookmark\">Read More &raquo;<span class=\"screen-reader-text\">Diretoria_2015-2017<\/span><\/a><\/p>\n","protected":false},"author":2,"featured_media":0,"parent":0,"menu_order":0,"comment_status":"closed","ping_status":"closed","template":"","meta":{"neve_meta_sidebar":"full-width","neve_meta_container":"","neve_meta_enable_content_width":"on","neve_meta_content_width":100,"neve_meta_title_alignment":"","neve_meta_author_avatar":"","neve_post_elements_order":"","neve_meta_disable_header":"off","neve_meta_disable_footer":"off","neve_meta_disable_title":"on"},"_links":{"self":[{"href":"https:\/\/cdpha.pro.br\/en\/wp-json\/wp\/v2\/pages\/802"}],"collection":[{"href":"https:\/\/cdpha.pro.br\/en\/wp-json\/wp\/v2\/pages"}],"about":[{"href":"https:\/\/cdpha.pro.br\/en\/wp-json\/wp\/v2\/types\/page"}],"author":[{"embeddable":true,"href":"https:\/\/cdpha.pro.br\/en\/wp-json\/wp\/v2\/users\/2"}],"replies":[{"embeddable":true,"href":"https:\/\/cdpha.pro.br\/en\/wp-json\/wp\/v2\/comments?post=802"}],"version-history":[{"count":2,"href":"https:\/\/cdpha.pro.br\/en\/wp-json\/wp\/v2\/pages\/802\/revisions"}],"predecessor-version":[{"id":1245,"href":"https:\/\/cdpha.pro.br\/en\/wp-json\/wp\/v2\/pages\/802\/revisions\/1245"}],"wp:attachment":[{"href":"https:\/\/cdpha.pro.br\/en\/wp-json\/wp\/v2\/media?parent=802"}],"curies":[{"name":"wp","href":"https:\/\/api.w.org\/{rel}","templated":true}]}}

<div style="height:20px" aria-hidden="true" class="wp-block-spacer"></div>



<div class="wp-block-columns">
<div class="wp-block-column">
<p><strong>Diretoria 2015-2017</strong></p>



<p><strong>Presidente</strong>: Regina Helena de Freitas Campos<br><strong>Vice-presidentes:</strong><br>Maria do Carmo Lara Perpétuo (Presidente da Fundação Helena Antipoff)<br>Maria do Carmo Coutinho de Moraes (Associação Pestalozzi de Minas Gerais)<br>Sílvia Maria Medeiros Magalhães (ACORDA – Associação Comunitária do Rosário)<br>Filomena de Fátima Silva (ADAV – Associação Milton Campos para o Desenvolvimento e Assistência a Vocações de Bem Dotados)<br><strong>Diretoria Técnica</strong>:<br>Adriana Araújo Pereira Borges<br>Adriana Otoni Silva Antunes Duarte<br>Carolline Souza Martins<br>Christiane Campos de Araújo<br>Deolinda Armani Turci<br>Miriam Aparecida de Brito Nonato<br>Renata Pimenta Sadi<br><strong>Diretoria Administrativa</strong>:<br>Carlyle dos Passos Laia<br>Kétherine Oliva Alencar<br>Larissa Assunção Rodrigues<br>Lilian Erichsen Nassif<br>Maria das Graças Ferreira Coimbra<br>Raquel Martins de Assis<br>Rosana Matias de Sousa<br><strong>Diretoria Financeira:</strong><br>Carla Andrea Teixeira Dias Camargos<br>Delba Teixeira Rodrigues Barros<br>Fernanda Flaviana de Souza Martins<br>Luís Flávio Silva Couto<br>Riviane Borghesi Bravo</p>
</div>



<div class="wp-block-column">
<p><br><br><strong>Conselho Fiscal:</strong><br><strong>Titulares</strong><br>Cecília Andrade Antipoff<br>Elizabeth Dias Munaier Lages<br>Maria de Fátima Pio Cassemiro<br><strong>Suplentes</strong><br>Elizabeth Coutinho de Moraes<br>Rita de Cássia Vieira<br>Sônia Vieira Coelho<br><strong>Conselho Consultivo:</strong><br>Adriana Cláudia Drumond<br>Ana Maria Milagres Belo Francisco<br>Anália das Graças GandiniPontelo<br>Camila Jardim de Meira<br>Clarice Moukachar Batista Loureiro<br>Cleuza Glória de Fátima Amorim de Oliveira<br>Lilian Sipoli Carneiro Cañete<br>Ricardo José Miranda<br>Rodrigo Lopes Miranda<br>Romilda Oliveira Alves<br>Sérgio Dias Cirino<br>Sérgio Domingues<br>Sérgio Farnese<br>Wellington Marçal de Carvalho<br><strong>Coordenadores regionais:</strong><br>Marilene Oliveira Almeida (Fundação Helena Antipoff)<br>Érika Lourenço (UFMG)<br>Raquel Assis (UFMG)<br>Adriana Borges (UFMG)<br>Demetreos Navaes Neves (ADAV)</p>
</div>
</div>

<p>Diretoria 2015-2017 Presidente: Regina Helena de Freitas CamposVice-presidentes:Maria do Carmo Lara Perpétuo (Presidente da Fundação Helena Antipoff)Maria do Carmo Coutinho de Moraes (Associação Pestalozzi de Minas Gerais)Sílvia Maria Medeiros Magalhães (ACORDA – Associação Comunitária do Rosário)Filomena de Fátima Silva (ADAV – Associação Milton Campos para o Desenvolvimento e Assistência a Vocações de Bem Dotados)Diretoria Técnica:Adriana&hellip;&nbsp;<a href="https://cdpha.pro.br/en/diretoria_2015-2017/" class="" rel="bookmark">Read More &raquo;<span class="screen-reader-text">Diretoria_2015-2017</span></a></p>
